atest common factor of m and 2829?
123
Let o be (3 + -81)*(-14)/3. What is the greatest common divisor of 13 and o?
13
Let v = -51 - -84. Let h be v/9 + 8/(-12). Let k be (h*1)/(42/224). Calculate the highest common divisor of k and 8.
8
Let v be (((-132)/(-9))/(-2))/(4/24). Let b = v - -51. Calculate the greatest common factor of 49 and b.
7
Let f(r) = r**2 + 12*r - 37. Let t be f(-15). Let n be (-30*(-4)/t - 2) + -1. What is the highest common factor of 36 and n?
12
Suppose 0 = 5*x - x - 32. Suppose 24*r - 87 = 21*r. Let q = -25 + r. Calculate the greatest common factor of x and q.
4
Let g(h) = -h**3 - 11*h**2 + 22*h + 51. Let d be g(-15). Calculate the highest common factor of 27 and d.
27
Suppose -34 = -2*q - 4*r + 10, r = -q + 17. What is the greatest common factor of 276 and q?
12
Suppose 1530 = j - 2*f - 1490, 0 = -5*j + 4*f + 15088. What is the greatest common factor of j and 26?
26
Let l be (-8)/6*(-36)/(-8). Let c be (3/(-2))/(l/12). Suppose -2*b = -0*b + c*w - 327, -w = b - 164. What is the greatest common factor of b and 15?
15
Let r be (-2 - (-5)/3)*0. Let j = r + 2. What is the greatest common divisor of j and 5?
1
Let y = -24 + 26. Suppose -r = 2*a - y*r - 50, -r = -a + 26. What is the greatest common factor of 24 and a?
24
Suppose 33*x - 29*x - 336 = 0. Suppose 15 = y + 3. Calculate the highest common divisor of y and x.
12
Let y(s) = -s + 8. Let o be y(5). Suppose j + o*j = 48. Let c(t) = t**2 - 6*t. Let z be c(j). Calculate the greatest common divisor of z and 18.
18
Suppose -4*q + f + 131 = 0, -9*q = -5*q + f - 125. Calculate the greatest common divisor of 32 and q.
32
Suppose -7*l + 403 = 6*l. Let q be (-4)/(-16) + 123/4. What is the greatest common factor of l and q?
31
Let r be 3/3 + (-30)/(-2). Let x(h) be the first derivative of -11*h**2/2 + 2*h - 5. Let u be x(-2). Calculate the highest common factor of u and r.
8
Suppose -4*h + 118 = -2*y, 0 = h + 56*y - 51*y - 24. Let i(a) = -8*a**3 + 2*a**2 + 2*a + 4. Let d be i(-3). What is the highest common factor of d and h?
29
Let p be 5/((-15)/(-46)) + 26/39. Calculate the highest common factor of p and 640.
16
Let r = -118 + 79. Let g be (267/3 - 0) + -2. Let l = r + g. Calculate the greatest common factor of 8 and l.
8
Let v(a) = a**3 - 30*a**2 + 9*a - 229. Let l be v(30). Let w(x) = x**2 - 3*x + 1. Let c be w(-5). What is the highest common factor of l and c?
41
Let t(f) = -f**3 - 8*f**2 + 2*f - 6. Let b be t(-7). Let m be (b/(-9))/(1/3). Calculate the highest common divisor of m and 207.
23
Let t = -16 + 23. Let h = 11 - t. Suppose -h*x + 165 = -x. Calculate the highest common divisor of x and 22.
11
Let j = 1 - 3. Let g = j + 5. Suppose -112 = -4*z - 4*f + 2*f, 4*f = g*z - 84. What is the highest common divisor of 7 and z?
7
Suppose -a = -4*z - 21, z - a - 3 + 6 = 0. Let d = z + 6. Let m(t) = 2*t + 208. Let o be m(d). What is the greatest common divisor of o and 26?
26
Let h(b) = b**3 + 7*b**2 + 2*b - 23. Let p be h(-6). Calculate the greatest common divisor of 26 and p.
1
Let u(f) = f**3 - 14*f**2 - 17*f + 32. Let v be u(15). Suppose -v*n + 3*l = 5*l - 82, 4*n + 5*l - 169 = 0. What is the greatest common factor of n and 288?
36
Let t(y) = 11*y**2 + 37*y + 77. Let z be t(-4). What is the highest common factor of z and 5?
5
Let v(d) = 21*d - 327. Let z be v(17). What is the greatest common divisor of 510 and z?
30
Let f = -22 - -29. Suppose -57 = 2*l + f. Let c = 45 - l. Calculate the greatest common factor of 7 and c.
7
Let v be (140/2)/1 + -4. Suppose 0 = 4*k + 12, 4*k = 4*n + 2*k - v. Calculate the greatest common divisor of 45 and n.
15
Let o(l) = l - 2. Let h be o(-8). Let r = 15 - h. Calculate the highest common factor of r and 100.
25
Suppose 4*q + 4*f + 32 = 0, 2*f = 3*q + 4*f + 20. Let r(n) = 2*n**2 + 3*n - 4. Let u be r(q). What is the greatest common factor of 24 and u?
8
Let m be 3*-1*988/(-114). What is the greatest common factor of m and 182?
26
Let y(n) = n**3 + 14*n**2 + 9*n + 25. Let d be y(-11). Calculate the highest common divisor of 17 and d.
17
Let j = 236 - -34. Suppose 3*h + j = 8*h. Suppose -5*x = -20, -19 - h = -3*g - 4*x. Calculate the highest common divisor of g and 209.
19
Suppose -372 = -33*c + 2*c. Calculate the greatest common factor of c and 72.
12
Let w(f) = -f - 1. Let s be w(-6). Let x(a) = -a**3 + 6*a**2 + a - 12. Let l be x(s). What is the highest common divisor of 54 and l?
18
Suppose -2*a + 0*o - 30 = 5*o, 0 = a - 5*o. Let t be 10 + a - (0 + -31*4). What is the greatest common factor of t and 31?
31
Suppose -b - 13 + 57 = 2*c, 188 = 5*b + 2*c. What is the greatest common divisor of 84 and b?
12
Let w(n) = 66*n - 305. Let f be w(68). What is the greatest common factor of f and 47?
47
Let y(b) = 524*b**3 - 3*b + 1. Let i be y(1). What is the greatest common divisor of i and 9?
9
Let g(n) = -8*n. Let d be g(-1). Let w = -31 - -43. Calculate the greatest common divisor of d and w.
4
Suppose 13 = j - 0*j. Suppose -j = -5*y + 2. Suppose -w = -5*q - 17, -5*w - 3*q - 2 + y = 0. Calculate the highest common divisor of 1 and w.
1
Let o be (-7*(-2)/2)/1. Let c be 4/(-14) - 1413/(-21). Suppose -2*w + c = 3*k, -3*w - 29 = -2*k + o. What is the greatest common divisor of k and 3?
3
Let s be -3 - (-36)/16 - 206/(-8). Suppose 4*u + 553 = 1653. What is the highest common factor of u and s?
25
Suppose 7*j - 30*j = -4140. Calculate the greatest common factor of 468 and j.
36
Let l = -8 + 12. Let q be 196/10 - (-72)/180. What is the highest common factor of l and q?
4
Let j be -1 - ((-69)/21 + 2/7). Suppose -j*v = 2*v - 96. What is the greatest common factor of v and 24?
24
Let h(y) = -y**3 - 2*y**2 - 5. Let x be h(-3). Suppose 0 = 2*o + 3*w - 5, 3*w - x = 7*w. Let k = 11 - -9. Calculate the highest common factor of o and k.
4
Suppose -84 = 5*c + 4*q, 29 = c - 3*c + 3*q. Suppose 83*v = 79*v + 68. Let r = c + v. Calculate the greatest common factor of 3 and r.
1
Let q be 20/(-15)*-177 - 4. Calculate the highest common factor of 87 and q.
29
Let i(x) = -x**2 - 4*x + 6. Let h be i(-4). Suppose 4*s + r - 48 = h*r, 4*s + r = 24. What is the greatest common divisor of 77 and s?
7
Suppose -3*b + 12 = -54. Let m = b + -1. Let g(c) = 9*c - 4. Let q be g(2). What is the greatest common factor of q and m?
7
Let t(v) = -v**2 + 18*v - 41. Let h be t(13). What is the greatest common factor of h and 40?
8
Let s = 9 - -6. Let d = 19 - -8. Let r = d - s. What is the highest common divisor of 30 and r?
6
Suppose -38*k = g - 39*k - 8, 5*k = -4*g - 13. Calculate the greatest common divisor of 333 and g.
3
Let x be (-5 - 41)/(15/(-420)). Calculate the highest common factor of 56 and x.
56
Let v(s) = -s**3 + 6*s**2 - 10*s + 12. Let g be v(3). Calculate the highest common factor of 99 and g.
9
Let q(x) = -11*x - 2. Let c(n) = -34*n - 8. Let m(f) = 6*c(f) - 20*q(f). Let k be m(24). Calculate the greatest common factor of 47 and k.
47
Let s(o) = 3*o**3 - 2*o**2 - 3. Suppose -8 - 2 = -5*v. Let n be s(v). Suppose 2*k = -k + 78. What is the highest common divisor of n and k?
13
Suppose 98 = 3*l + 4*z, 5*l - 3*z - 69 - 46 = 0. Let x = 79 - 27. Calculate the highest common factor of l and x.
26
Let z(s) = 6*s. Let q be z(2). Let p be ((-171)/63 - -3)*63. Calculate the greatest common factor of q and p.
6
Let o = -4 + 11. Let s be (o - (3 + -2)) + 0. Suppose -s*c - 2 + 8 = 0. Calculate the greatest common divisor of 11 and c.
1
Suppose 3*g - p = 116, 3*g + 25*p - 23*p = 128. What is the highest common factor of g and 100?
20
Let x be 51 + 2 - (1 - 1). Let p = 92 - x. What is the greatest common divisor of p and 13?
13
Let y be ((-21)/5)/(24/(-80)). Let n(u) = -9*u + 14. Let w be n(-7). What is the greatest common divisor of w and y?
7
Let u = -436 - -283. Let v be 1/(-4) + (u/(-4) - -1). Calculate the greatest common divisor of 26 and v.
13
Let d = 82 - -116. What is the highest common divisor of 132 and d?
66
Let p = -28 - -30. Suppose 0 = 5*d + 3 + p, a = -4*d + 24. What is the greatest common factor of a and 14?
14
Let j = -415 + 225. Let g be ((-8)/10)/(4/j). What is the highest common divisor of 76 and g?
38
Suppose 17*f - 42 = 230. Let c = -13 + 17. What is the greatest common divisor of c and f?
4
Suppose 0 = -2*y - y + 189. Suppose 0 = g - 1 + 1. Suppose 4*n - u - 89 = -g